Is 278715227 composite?
True
Is 107550841 composite?
False
Is 24093359 a prime number?
True
Is 11630023 composite?
True
Is 20527327 composite?
False
Is 16402333 a composite number?
False
Is 561820387 composite?
False
Is 118503241 a composite number?
False
Is 359454413 composite?
False
Is 1046411 composite?
True
Is 24433081 a prime number?
False
Is 163744013 a prime number?
True
Is 28901571 composite?
True
Is 125752459 prime?
False
Is 20372591 composite?
False
Is 79897249 a prime number?
True
Is 18295631 a prime number?
True
Is 26583941 a composite number?
True
Is 7329251 composite?
False
Is 40284287 a composite number?
False
Is 1659851 a prime number?
True
Is 7634671 a prime number?
False
Is 469009 prime?
True
Is 108750143 prime?
True
Is 4241263 a prime number?
False
Is 61062101 prime?
True
Is 38624389 a prime number?
True
Is 154224737 a composite number?
False
Is 379697 composite?
True
Is 149031359 a prime number?
True
Is 229928213 a prime number?
False
Is 29899511 prime?
True
Is 3665393 a composite number?
False
Is 38716199 a composite number?
True
Is 65540693 prime?
False
Is 312634919 a prime number?
True
Is 1483619 composite?
True
Is 8323135 composite?
True
Is 9205043 a prime number?
True
Is 7762213 prime?
True
Is 227247899 a prime number?
False
Is 16059557 a prime number?
True
Is 216499013 composite?
False
Is 7173251 a composite number?
False
Is 462937 composite?
False
Is 5901559 a prime number?
False
Is 25576165 prime?
False
Is 85291501 a composite number?
False
Is 748367 a prime number?
False
Is 2785751 a composite number?
False
Is 5441239 prime?
False
Is 3392663 a composite number?
False
Is 32328029 composite?
True
Is 234276533 composite?
False
Is 640901 prime?
True
Is 3651607 composite?
False
Is 139449763 a composite number?
False
Is 505633 a composite number?
False
Is 37956523 a composite number?
True
Is 623743 prime?
True
Is 7679491 a prime number?
True
Is 2530351 a composite number?
False
Is 25538867 a prime number?
False
Is 5385773 prime?
False
Is 13506067 a prime number?
True
Is 2063983 prime?
True
Is 1241089 prime?
False
Is 15082429 prime?
False
Is 225937219 composite?
True
Is 9207949 a prime number?
False
Is 896471 a composite number?
True
Is 1007797 a composite number?
True
Is 3237703 prime?
False
Is 125780897 prime?
False
Is 3944371 prime?
True
Is 65587489 prime?
False
Is 834983 composite?
False
Is 97341601 a prime number?
False
Is 265117 composite?
False
Is 6446767 prime?
True
Is 146273551 prime?
True
Is 1790141 prime?
False
Is 11374163 prime?
True
Is 524827 a prime number?
True
Is 225581 a prime number?
True
Is 216619409 a prime number?
False
Is 32331613 composite?
True
Is 4345019 a composite number?
True
Is 57014453 composite?
True
Is 2141941 composite?
False
Is 40451711 a prime number?
True
Is 27457 a composite number?
False
Is 6108482 composite?
True
Is 8644327 prime?
True
Is 131519 prime?
True
Is 275076583 a prime number?
True
Is 3657761 a prime number?
True
Is 718241 a composite number?
False
Is 153624113 a composite number?
True
Is 3563377 a prime number?
True
Is 9195013 a composite number?
True
Is 330361 a composite number?
True
Is 21528707 a composite number?
False
Is 2384599 a prime number?
False
Is 12859799 a composite number?
False
Is 1128885767 a composite number?
False
Is 9505889 prime?
True
Is 31718767 a prime number?
True
Is 12107767 prime?
False
Is 104520047 prime?
True
Is 904147 composite?
False
Is 2102047 a prime number?
False
Is 22101433 a prime number?
True
Is 64733011 composite?
True
Is 65440933 a composite number?
False
Is 65351381 a prime number?
True
Is 308167501 a prime number?
False
Is 262904737 composite?
False
Is 45762881 prime?
True
Is 2174981 prime?
True
Is 315179 a composite number?
False
Is 1150307 a prime number?
False
Is 2865381 prime?
False
Is 21204905 a prime number?
False
Is 279329 composite?
False
Is 12326905 a prime number?
False
Is 742369201 prime?
False
Is 105621843 prime?
False
Is 1363151 a composite number?
False
Is 690103 a prime number?
True
Is 3733699 prime?
False
Is 1304717503 a composite number?
False
Is 9361747 a composite number?
True
Is 7449011 prime?
True
Is 7902581 a composite number?
False
Is 8361629 a prime number?
False
Is 42595009 composite?
True
Is 247169411 prime?
False
Is 4824349 a composite number?
True
Is 8434906 a composite number?
True
Is 647028049 prime?
False
Is 38532937 a composite number?
False
Is 2087203 composite?
False
Is 51745901 a prime number?
False
Is 36251101 a composite number?
False
Is 74030779 a composite number?
True
Is 9695119 a composite number?
True
Is 273127171 a prime number?
True
Is 226685507 prime?
True
Is 297127 a composite number?
True
Is 87353741 a composite number?
False
Is 54439927 a prime number?
False
Is 132283 a prime number?
True
Is 1917301 prime?
True
Is 1888963 prime?
True
Is 103248487 composite?
True
Is 63635711 composite?
True
Is 89972731 prime?
True
Is 5360483 a composite number?
True
Is 248647439 a prime number?
True
Is 8168863 a composite number?
True
Is 1062020033 a composite number?
False
Is 2417243 a prime number?
True
Is 7192529 a composite number?
False
Is 50117279 prime?
True
Is 21574939 a prime number?
True
Is 5620247 prime?
True
Is 137816879 prime?
True
Is 171418503 a prime number?
False
Is 10671673 a composite number?
True
Is 10830871 composite?
False
Is 30977873 a composite number?
False
Is 970504019 prime?
False
Is 661553069 a composite number?
False
Is 13377697 prime?
False
Is 2809619 composite?
False
Is 366474737 prime?
False
Is 418087621 prime?
False
Is 782941 composite?
False
Is 17142985 a composite number?
True
Is 29951813 composite?
False
Is 3159677 a composite number?
False
Is 126784007 composite?
True
Is 7078483 a composite number?
True
Is 57907981 a prime number?
True
Is 27102679 prime?
True
Is 200531399 a composite number?
False
Is 583187 a composite number?
True
Is 22764891 a composite number?
True
Is 2637223 prime?
False
Is 197111 a composite number?
True
Is 87143009 prime?
True
Is 305325311 prime?
False
Is 4591451 a prime number?
True
Is 29065633 prime?
True
Is 27829177 prime?
False
Is 4940359 prime?
True
Is 3212407 a composite number?
True
Is 1576871 a composite number?
False
Is 2261219 a composite number?
False
Is 98616142 a prime number?
False
Is 33679601 a prime number?
False
Is 19256414 composite?
True
Is 228448193 a composite number?
True
Is 2617001 a prime number?
True
Is 1418717 composite?
True
Is 7161181 a composite number?
True
Is 33479401 a composite number?
True
Is 120521 a composite number?
True
Is 5934721 composite?
True
Is 1786355 a prime number?
False
Is 4857071 a composite number?
True
Is 40973159 a composite number?
True
Is 10612859 a prime number?
True
Is 2633291 composite?
False
Is 27270457 a prime number?
True
Is 3660131 composite?
False
Is 56270341 prime?
True
Is 25175257 prime?
False
Is 324793067 composite?
True
Is 9733511 a prime number?
False
Is 10158593 a prime number?
True
Is 7970467 a composite number?
True
Is 183372685 prime?
False
Is 1034912841 a prime number?
False
Is 2921257 a prime number?
False
Is 150731713 a composite number?
True
Is 99861 a composite number?
True
Is 9671503 composite?
False
Is 8234971 prime?
False
Is 28175141 prime?
True
Is 372781633 a prime number?
False
Is 1854733559 a composite number?
True
Is 29475989 a prime number?
True
Is 725041 a prime number?
True
Is 7174231 a prime number?
True
Is 3406105 prime?
False
Is 45824294 prime?
False
Is 9080867 composite?
True
Is 2587441 composite?
False
Is 443101 a composite number?
True
Is 38047211 a prime number?
False
Is 361417 a prime number?
False
Is 289095627 prime?
False
Is 14265653 composite?
False
Is 379838597 composite?
False
Is 118531987 a prime number?
False
Is 48130319 prime?
False
Is 2179643 a composite number?
False
Is 2377321 a prime number?
True
Is 22258297 a composite number?
False
Is 17386883 prime?
True
Is 50021 a composite number?
False
Is 67837169 composite?
True
Is 41220547 prime?
True
Is 4841911 composite?
True
Is 108887291 a prime number?
True
Is 49409 a prime number?
True
Is 137931347 composite?
False
Is 38762709 a composite number?
True
Is 7242589 a composite number?
False
Is 2469554 a prime number?
False
Is 8191679 prime?
False
Is 55093837 prime?
False
Is 356679437 composite?
Fa